7 = 0. Suppose -10 = 5*q, a*i - 347 = -2*q + 1361. What is the hundreds digit of i?
4
Let i = 6001 - 2532. What is the hundreds digit of i?
4
Let s = 166 - 166. Suppose -f + w + 192 + 238 = s, -20 = 4*w. What is the hundreds digit of f?
4
Let g(m) = -m**3 - 2*m**2 + 27*m + 16. Let k be g(-8). Let b = k + 262. What is the units digit of b?
6
Let x(u) = -10*u**2 - 46*u - 19. Let y(v) = 2*v**2 + 9*v + 4. Let m(c) = -2*x(c) - 11*y(c). Let a be m(-3). What is the tens digit of ((-4)/a - 1)/(4/216)?
1
Suppose -3*y = 9*y - 48. Let i(f) = 28*f**2 + 33*f + 1. What is the units digit of i(y)?
1
Let z = -12 - -18. Let u be (0 + -7)/(z/3 - 3). Let p = 48 + u. What is the units digit of p?
5
Let a = -186 + 188. What is the tens digit of (0 - -1)/(a/1358)?
7
Suppose 8*y = -18 - 358. What is the units digit of y/9*-3*(-9)/(-3)?
7
Let o be 2/(8/12) - 8. Let q be (-6 - -7) + (o - 1). What is the hundreds digit of (-628)/q - ((-56)/20)/7?
1
Let v be 2 + 2*(2 - -4 - 5). Suppose -v*t = 1014 - 7122. What is the units digit of t?
7
Suppose 6*w = 8*w - 9388. Suppose -w = -43*c + 10571. What is the units digit of c?
5
Let c = -667 + 676. Let z(s) = -2*s**3 + 25*s**2 - 32*s + 17. What is the tens digit of z(c)?
9
Let s = -180 - -185. Suppose 2 = 2*d, -9*m + 1402 = -s*m + 2*d. What is the tens digit of m?
5
Let b be -2*((-2)/(-1) - (-159)/(-53)). Suppose -3*m + 829 = l, l - 555 = -2*m - 2*l. Suppose b*a - m = -0*a. What is the units digit of a?
8
Let r(k) = -k + 33. Suppose -4*c = -9*c. Suppose c = -9*b + 109 + 80. What is the units digit of r(b)?
2
Let s be (9/6)/(6/(-248)). Let o = s - -62. Suppose -4 = -o*b + b, -4*b - 87 = -l. What is the units digit of l?
1
Suppose 28*c = 35*c - 2667. Let u = -63 + c. What is the tens digit of u?
1
Let o = -657 + 2397. What is the thousands digit of o?
1
What is the units digit of (-5920)/(-14)*1806/129?
0
Let j(b) be the first derivative of b**4/4 - 3*b**3 + 7*b**2/2 + 9*b + 7. Let c be j(8). What is the tens digit of c - -2*13 - 4/(-2)?
2
Suppose q = -3*q + 16. Suppose 5*t = -2*s + 7*s + 45, q*t + 2*s = 6. What is the hundreds digit of (2/t)/(-2 + (-1956)/(-976))?
1
Suppose 52*a = 75*a - 1237009. What is the hundreds digit of a?
7
Suppose 0*c - 12*c = 6864. What is the units digit of -2 + (-1274)/(-11) - 104/c?
4
Let a(y) = 2*y**3 - 70*y**2 + 7*y - 9. What is the thousands digit of a(36)?
2
What is the thousands digit of (-252)/(-45) - (-2)/5 - (-2511 + -7)?
2
Suppose -h = 5*c - 54959 - 14247, -152 = 19*c. What is the units digit of h?
6
Let h = -33 + 31. What is the hundreds digit of (-1416)/h + 1 + (-3 - -2)?
7
Let j(r) = 60*r**2 - 14*r + 3. Suppose 0 = -577*s + 578*s - 5. What is the hundreds digit of j(s)?
4
Let c be 14/(-10) + (-666)/(-90). What is the hundreds digit of 1 + 78*4 + c?
3
Suppose r = 1 + 4. What is the units digit of 158*(r + (-9 - -5))?
8
Let n = 7698 + 659. What is the units digit of n?
7
Let v be (2/4)/((-5)/(-90)). Suppose 0 = v*z + 8*z - 1802. What is the hundreds digit of z?
1
Let f(q) be the second derivative of 5*q**4/3 - q**3/2 + q**2/2 + q. Let d be 8/68 - 792/374. What is the units digit of f(d)?
7
Let f be (-6)/9 - 20510/(-30). Let g = -328 + f. What is the hundreds digit of g?
3
Suppose 28 - 20 = -2*p, 0 = -2*y - 5*p + 10254. What is the thousands digit of y?
5
Suppose -12*a + 2*s = -9*a - 18890, -4*s + 12556 = 2*a. What is the tens digit of a?
9
Let i = 1497 - 1443. Suppose 0 - 6 = 3*u. What is the units digit of (-12)/(-3) + i + 0/u?
8
Let z(l) = 9*l**2 - 17*l + 6. Let f be ((-2)/4 - (-3)/18)*-9. What is the units digit of z(f)?
6
Let w(q) = -30*q**2 + 58*q - 7. Let y be w(-6). Let m = -717 - y. What is the hundreds digit of m?
7
Suppose -4*u = 5*o + 200, 0*u - 2*o = 2*u + 98. Let y = u - -33. Let h(d) = -d**3 - 13*d**2 - 20*d + 14. What is the units digit of h(y)?
0
Let j = -530 - -1468. Suppose 20*i - 18*i = j. Suppose -5*k = 25, 0 = 4*o - 6*k + k - i. What is the tens digit of o?
1
Let b(a) = -58*a + 36. Let g be b(4). Let m = g + 1247. What is the tens digit of m?
5
Suppose 2*q - 290*s - 30641 = -289*s, 2*s - 14 = 0. What is the units digit of q?
4
Let o(k) = 95*k - 88. Let z(q) = -q**2 + 29*q + 99. Let u be z(-3). What is the units digit of o(u)?
7
Let v(q) = -3483*q - 8796. What is the ten thousands digit of v(-16)?
4
Let h = 57780 + -33693. What is the thousands digit of h?
4
Suppose 1930 = -17*f + 38684. What is the thousands digit of f?
2
What is the tens digit of (-9)/(-405)*6 + (72112/(-15))/(-4)?
0
Let g be -49 + (-4 - -3) + 2. Let w be -5 + 1 - g/3. Suppose -w*t + 296 = -8*t. What is the tens digit of t?
7
Let q(v) = v**2 + 11*v - 71. Suppose -4 + 235 = -11*o. What is the tens digit of q(o)?
3
Let a(w) = -w + 2. Suppose 7*z + 3*k + 12 = 2*z, 5*z - 3*k - 12 = 0. Let d be a(z). What is the units digit of 402/15 + d + 2/10?
9
Suppose -3*h - 9*h = -24*h + 273900. What is the thousands digit of h?
2
Let i be 5/(-10) + (-90505)/(-10). Suppose -7*s + i = 1630. Suppose -s = 84*u - 88*u. What is the hundreds digit of u?
2
Suppose -48*w - 1146 = -54*w. What is the hundreds digit of w?
1
Let z(s) = -418*s**3 - 2*s - 1. Let j = -125 - -124. What is the tens digit of z(j)?
1
Suppose -10*w + 10 = -150. Suppose 8*o - 4*o = -w, 3*n = -4*o + 797. What is the tens digit of n?
7
Let v(t) = 2979*t - 3005. What is the units digit of v(9)?
6
Suppose 26*d = 11*d. Suppose 140*y - 139*y - 1178 = d. What is the tens digit of y?
7
Let g(w) = -w**3 + 5*w + 1. Let q be g(0). What is the tens digit of (-290 + -30)*q/(-1)?
2
Let g(p) = 473*p + 217. Let h(l) = -2364*l - 1090. Let b(u) = 11*g(u) + 2*h(u). What is the tens digit of b(3)?
3
Suppose 4*u + 4*n = 4, 4*n + 32 = 3*u + 2*u. Suppose -u*m = 5*m - 3213. What is the hundreds digit of m?
3
Let s(k) = k**3 - 24*k**2 - 49*k + 30. Let t(g) = 2*g**3 - 23*g**2 - 48*g + 29. Let y(d) = 3*s(d) - 2*t(d). What is the units digit of y(-24)?
4
Suppose 143*y = -50*y + 10525834. What is the units digit of y?
8
Suppose -5*t + 5327 = -118 + 385. What is the units digit of t?
2
Suppose -3*u - 8 = 2*o, -2*u + 5*o - 2 = -22. Suppose 5*c + j + j - 38 = u, -c + 4*j = 10. Suppose 58 = 7*h - c*h. What is the tens digit of h?
5
Let w(i) = 4*i**2 + 2*i + 2. Let q be w(-1). Suppose 49 = -q*c - 31. What is the units digit of 3/(-5) + (-932)/c?
6
Let o(z) = -5348*z - 2352. What is the units digit of o(-10)?
8
Suppose 4*l - 16 = -0*l. Suppose -443 = -l*g + 429. Suppose g - 42 = 8*c. What is the tens digit of c?
2
Suppose 2510 = j + 5*w, j - 5*w = 587 + 1933. What is the units digit of j?
5
Suppose p = 2*h - 38, 116 = -4*p - h - 0*h. Let y be p/(-2)*(-16)/12. Let n = y + 23. What is the units digit of n?
3
What is the units digit of 3 - (12292/(-56))/(2/92)?
0
What is the thousands digit of (-124038)/(-9) + 65/5?
3
Suppose -2*n + 138772 = 4*h, 0 = 3*h + n - 114249 + 10173. What is the thousands digit of h?
4
Let k(j) = 301*j + 48568. What is the tens digit of k(0)?
6
Let w(q) = q**2 + 43*q + 422. What is the units digit of w(56)?
6
Suppose 26*q = -60*q + 538016. What is the thousands digit of q?
6
Let i = 116672 - 74797. What is the tens digit of i?
7
Let a be 4/5*2000/(-160). Let v(x) = 5*x**2 - 4*x**2 + 24*x + 4*x**2 + 12. What is the units digit of v(a)?
2
Let t = 106 - 6. Let z = t + -136. Let i = z - -106. What is the units digit of i?
0
Let g be ((-4843)/5 + -1)*(-290)/87. Suppose 0 = 5*s - 3*z - 2546, 0 = 4*s - 5*z - g + 1190. What is the tens digit of s?
0
Suppose -30*q - 127391 = -505211. What is the tens digit of q?
9
Let w be ((8 - 8) + 1)/((-3)/1375455). What is the units digit of w/(-376) - 6/16?
9
Let q(v) = 2*v**3 + 418*v**2 - 18 - 47*v - 423*v**2 + 10*v. What is the tens digit of q(9)?
0
Let w(h) = h**2 - 11*h - 14. Let k be w(14). Suppose 5*p + 5*s = -2 + 27, -4*p + 4*s = -k. What is the hundreds digit of ((-828)/30)/(p/(-40))?
1
Let i = 20872 - 1801. What is the hundreds digit of i?
0
Let y(h) = -615*h - 335. What is the tens digit of y(-11)?
3
Let g = 4081 - -5021. What is the hundreds digit of g?
1
Let u be (9/(-12))/((-12)/80). Suppose u*k - 4*k = -2*s + 249, 2*k + 10 = 0. What is the hundreds digit of s?
1
Let g(t) = -2038*t - 126. What is the hundreds digit of g(-6)?
1
Let v(m) = m**2 - 19*m + 68. Let a be v(23). Suppose 4*p + a = i + p, 3*i - 3*p = 498. What is 